-2 + 2)?
1
-67 + 69 + 1 + -1
2
What is 3 - -9 - 4 - 7?
1
(-2 + 4 + -2 - -2) + 0
2
What is (5 - 1) + (-4 - -3) + -3?
0
What is 8 - (9 + (3 - 11))?
7
Evaluate (-14 - -17) + (-8 - 0 - -2).
-3
Calculate 2 + (6 - 4 - 1) - 5.
-2
2 - (0 + (6 - 5))
1
Evaluate 0 + 6 + -8 + (4 - 1).
1
(-3 - (5 + -5)) + 4 + 0
1
What is 10 + -3 + 1 + (-13 - -11)?
6
What is 3 + -4 + -1 - -1?
-1
Calculate -2 + 2 - (-11 - -10).
1
Calculate (-6 - (0 - 4)) + (-1 - -7).
4
What is 1 + (-5 - -3) + 6?
5
-6 - -1 - (-3 + 4 + -4)
-2
-2 - (-7 + 4) - 2
-1
0 - (-6 - -3 - -5)
-2
Calculate (-1 - 2) + (6 - -16 - 21).
-2
What is the value of -11 + (34 - 12) - 4?
7
What is 0 - (1 + -12) - (0 + 3)?
8
Calculate (1 - 1) + 25 + -30.
-5
-7 + 2 + -1 + 0
-6
What is (13 - (2 + 9 + -5)) + -5?
2
Evaluate 0 + 3 - (-10 - -7 - -4).
2
Calculate (1 - (5 + -1)) + 1 - -7.
5
What is the value of -1 - -6 - (-4 + 14 - 6)?
1
-5 + 1 - (0 + -6)
2
What is -16 + (8 - 6) + 9?
-5
Evaluate -4 - 2 - (-6 + 0).
0
Evaluate 2 + -1 - (46 - 50).
5
What is the value of 4 + (-8 - -12) + -1?
7
What is (-1 - -1) + (1 - 3)?
-2
What is the value of 1 + -5 + -1 + 2?
-3
2 + -1 + -4 + 6
3
1 + 12 + (-9 - 3)
1
What is the value of -4 - ((1 - 1) + 0 - 0)?
-4
What is the value of (1 - 3 - -6) + 1?
5
-2 + 3 + -1 - 0
0
(1 - 4) + (1 - 1) + 4
1
Calculate 1 + -1 - (1 + -5 + 6).
-2
Evaluate 8 + 6 + -11 + -3.
0
What is the value of -2 - ((-2 - (4 + -5)) + -5)?
4
What is the value of 1 - ((2 - 5) + -1)?
5
Calculate -1 + -6 - (-8 + 1 + 2).
-2
Evaluate (10 + -1 - (5 - 2)) + -12.
-6
Calculate -10 - -2 - (6 - 11).
-3
Evaluate (-2 + 5 - (-2 - -9)) + 3.
-1
-4 + (-2 - (0 - (4 + 2)))
0
What is 21 + -2 + -15 + -1 + -10?
-7
Calculate -1 + 0 + (-3 - -4 - 1).
-1
(4 - (6 - 5)) + -2 + 6
7
Calculate (0 - -3) + (-9 - -7) + -6.
-5
Evaluate (-2 + -3 - -1) + 1.
-3
What is (1 - 1) + -6 + 1?
-5
5 - (-5 + (-6 - -6))
10
What is (2 - -1) + (-4 - 3) - -3?
-1
What is the value of 0 + 2 + (-3 - -5) + 0?
4
(8 - 7) + 1 + 0
2
What is -6 - 0 - (-5 + 12 + -6)?
-7
Calculate (-3 - 4) + 24 + -12.
5
Calculate (7 - 5) + 2 - -5.
9
Evaluate -7 + (-2 + 10 - 2).
-1
What is (4 - (-2 - 0)) + -3?
3
What is the value of 8 + (10 - 2) + -21?
-5
Calculate 0 + -3 + -2 + 2 - -6.
3
Calculate 3 + (-3 + 5 + -12 - -3).
-4
Calculate 6 - ((33 - 32) + 1 + -1).
5
What is the value of 0 - (-4 + (0 - -1))?
3
What is the value of 8 - (6 + -4 - -2)?
4
Evaluate -6 - -6 - -8 - 6.
2
2 - (6 + -16 + 8)
4
What is the value of -4 + 12 + -4 - 0?
4
Calculate 5 + (-5 - -9) + -4 + -9.
-4
What is 1 + -4 - (-5 + -3 + 7)?
-2
-1 - ((11 - 18) + (0 - -3))
3
What is the value of 5 - 6 - (-2 + -2)?
3
What is the value of -8 + (11 - (-2 - 2)) - 0?
7
What is -7 - ((-3 - -7 - -5) + -7)?
-9
What is 2 + (3 - 1) + (-1 - 4)?
-1
What is (-1 - (-5 + 13)) + 4?
-5
Evaluate 1 + (3 + (-1 - 5) - -6).
4
Evaluate (-1 - 5) + -2 + -2 + 6.
-4
What is (1 - (10 + -3) - -3) + 2?
-1
Evaluate (-2 - -2) + (9 + 0 - 4).
5
(2 + 3 - (3 - 0)) + 0
2
What is the value of -1 - (0 + -2 + -5 + 6)?
0
What is 5 - ((30 - 13) + -6)?
-6
12 - (-44 + 51 + (1 - 3))
7
-10 + 7 - (0 - -3)
-6
What is the value of -13 - -7 - (-14 - -3)?
5
18 + -8 - (-1 + 2) - 3
6
Evaluate (1 - -3 - 4) + 6 - -1.
7
6 + -2 - (2 - 1)
3
Calculate -57 + 51 - (-1 + -1 + -2).
-2
(25 - 16) + -6 + 1 + 2
6
Evaluate 1 + 8 - (75 + -68).
2
What is the value of -7 + (15 - 6 - 1)?
1
What is the value of -3 - (-13 + -3 + 8)?
5
Calculate -50 - -48 - (0 + -5).
3
1 + -5 + 10 + 2
8
What is the value of 0 - (-11 + 5) - 4?
2
-24 + 19 + (-2 + 4 - -1)
-2
1 + 4 + -8 - (7 + 1)
-11
What is the value of -2 - (-3 - -6 - -1)?
-6
What is the value of (-5 - -1) + 0 - -4?
0
8 + -1 + -4 + 4 + -4
3
1 - 1 - (7 + -7)
0
2 - (-4 + 7 + 4)
-5
Evaluate -1 - (1 - (-2 - -1)).
-3
0 + (0 + -2 - (7 + -1))
-8
Calculate (-8 - -3) + 2 + 0.
-3
What is the value of -7 + 11 + -6 + (2 - 1)?
-1
Calculate -3 + (1 - -11 - (3 + -2)).
8
What is the value of (-10 - -1) + (14 - 6) + -6?
-7
Evaluate 6 + -2 + 3 + -3 - 2.
2
Calculate 1 + -4 - (21 - 18).
-6
What is the value of (-5 - -4) + 4 - -2?
5
(0 - -7) + (1 - (4 + -1))
5
Evaluate 0 + (3 + -1 - -2) + 0.
4
-10 - (3 - (6 - -14))
7
What is the value of 6 + -15 + 28 - 13?
6
What is -7 - (-20 + 3 + 3)?
7
Calculate (4 - -15) + -13 + 0.
6
(6 - 11) + 3 + -1
-3
What is the value of (-1 - 0 - 1) + (-1 - -4)?
1
Calculate 1 + (-1 - (6 + 1)) - -5.
-2
Evaluate 22 + -21 - ((-3 - -3) + 7).
-6
What is the value of (3 - ((3 - 6) + 7)) + 3?
2
What is -1 + (-8 - -6) + -1?
-4
What is the value of -9 + -6 + -1 + 17?
1
Evaluate -1 + 7 + (-5 - 1) + -5.
-5
What is the value of -8 - (-1 - 0 - 6)?
-1
What is 4 + 5 - 4 - 2?
3
Evaluate (5 - 6) + -6 - (-4 - -1).
-4
What is the value of 1 - -1 - (27 + -8 - 12)?
-5
Evaluate 33 - 38 - (-18 - -3).
10
Calculate 10 + (-18 - (-13 - -6)).
-1
(-1 - (-3 - -2)) + -2
-2
What is the value of -1 - (5 + 0 + -2)?
-4
Evaluate -2 + 3 - (0 - -1).
0
Calculate (7 - 12) + 1 + -3 + 2.
-5
What is -21 + 7 - -22 - 2?
6
Calculate (1 + -2 - (9 + -11)) + -2.
-1
Evaluate 6 + -1 - (5 + 17 + -18).
1
Calculate -11 - (-28 + 19) - (1 + 1).
-4
Evaluate (3 - (11 - 4)) + 1.
-3
What is -8 - (-4 + -8 + 5)?
-1
What is the value of 5 + 0 + -1 + (474 - 483)?
-5
Calculate (0 + -14 - 0) + 6.
-8
-2 + 3 + -5 + 10
6
Evaluate (5 - (-1 - -1)) + -1.
4
8 - (-5 - -3) - (-5 - -7)
8
What is the value of -16 + 0 - -17 - (0 + -1)?
2
Calculate 5 - 15 - -8 - -1.
-1
What is 1 - 4 - (1 - (2 + 2))?
0
Evaluate -10 - -5 - (-3 - (0 + -2)).
-4
7 - (-3 + 10) - -1
1
What is the value of 7 + -13 + 12 + -4?
2
What is the value of -10 + (8 - 3) - -2?
-3
Evaluate -7 - -1 - (-47 - -40).
1
What is 0 - (2 - (1 - 3 - -4))?
0
What is 1 + -4 + (1 - (0 - 2))?
0
What is the value of 9 + (-9 - -4 - 8)?
-4
(-1 - -6) + (22 - 29)
-2
What is (0 - (2 + -7)) + -12 + 3?
-4
Evaluate -6 + (-2 - 1) - -9.
0
-6 + (5 - -3) + -5
-3
What is the value of -3 + 4 + 2 + -2?
1
13 + -2 + (10 - 16)
5
What is the value of (-120 - -122) + (1 - 0)?
3
Evaluate 7 + -2 + 3 + 0.
8
Calculate -1 - (0 + -3 + 6).
-4
What is the value of 63 - 59 - (-1 - 1)?
6
-4 - (-3 + 2 + -4)
1
What is the value of 0 + 2 + -4 - (-4 - -2)?
0
What is -5 + (-1 - -4) - (-5 - 0)?
3
What is -3 - 1 - (-3 - 2 - -1)?
0
What is the value of 2 + 19 + -14 + -2 + -3?
2
What is the value of 0 + (-6 - 1) + 8 + 5?
6
Calculate -77 + 81 + (0 + 0 - 11).
-7
53 - 65 - (1 + -2 + -3)
-8
Evaluate 6 + (-4 - -2 - (-4 + 2)).
6
What is the value of -4 - (7 - (-3 - -10)) - -2?
-2
Calculate 4 - (-39 + 37 - (-1 - 0)).
5
7 + -1 + (4 - 15)
-5
Calculate (3 - -2) + 5 + -5.
5
Evaluate -49 - -53 - (0 - 2).
6
-13 - -22 - -3 - 20
-8
What is the value of (-9 + 5 + -10 - -2) + 5?
-7
What is (8 - 3) + (7 + -15 - -6)?
3
What is the value of -2 + (-2 - (4 - 11))?
3
What is the value of 3 + (4 - -5) + -6?
6
What is (2 - -1) + (-5 - (8 + -12))?
2
4 + 3 + -4 + -6
-3
Evaluate (1 - 2 - 5) + 3 + -1.
-4
What is the value of 2 + -6 + -1 + 1?
-4
Evaluate 7 - (3 - (-1 - 0)) - 0.
3
What is the value of 10 + -13 + (2 - (9 + -4))?
-6
What is -16 - (-3 - (11 + -5))?
-7
-3 + -3 - (12 + -3 + -7)
-8
Calculate 1 + 2 + (-2 - -1).
2
1 + (3 - 10 - (-3 - 2))
-1
Calculate -1 + 8 - (42 - 32).
-3
1 - 0 - (-13 - -6) - 4
4
Calculate -1 + -4 + 8 + 0.
3
Calculate -3 + (-1 - (-2 + -1 + 0)).
-1
Evaluate 2 - (2 + -4 - -6) - -3.
1
Calculate -1 + 11 + -12 - 2.
-4
-8 + 4 - 1 - -2 - 1
-4
Evaluate (3 - 2) + 6 - (-63 - -75).
-5
What is 3 - 3 - (0 - 2) - 5?
-3
What is -9 + -3 + 0 + -1 + 7?
-6
What is the value of 7 - (2 + -1 + 2)?
4
What is the value of 2 - (-1 - -1 - 0)?
2
Evaluate (16 - 6) + -14 + -1.
-5
What is -4 + 4 - (13 + (-7 - -1))?
-7
What is 0 - (-3 - (-8 + 0))?
-5
What is -6 - 0 - -19 - 3?
10
Evaluate (-21 - -13) + -3 + 2.
-9
3 - (-15 - (-19 + 5))
4
-1 + -1 + (34 - 30)
2
Calculate (0 - (3 - 4)) + 1 - -3.
5
7 + 0 + -6 + 0
1
Evaluate 0 + 1 + -18 + 16.
-1
What is -5 - 0 - (2 + (-1 - 3))?
-3
What is the value of 5 - 5 - (-9 - (-6 + 2))?
5
What is -3 + 2 + (-10 - -11)?
0
-2 + (14 - 8 - (1 + 1))
2
5 - -6 - 13 - (-1 + -3)
2
-8 - (-4 + -8) - 3 - -6
7
Evaluate -1 + -4 + 2 - (5 + -8).
0
Evaluate -2 + (-1 - 1) + 49 + -42.
3
What is the value of 0 - (-4 - (-10 - (4 - 4)))?
-6
Calculate -1 + -5 + 10 + (2 - 1).
5
What is -3 + 4 + -1 + 0 + 1?
1
Evaluate -67 + 62 + 9 + -1.
3
Calculate -4 + (-3 - -6 - (0 - -2)).
-3
What is -6 - (-8 - -2 - -5)?
-5
Calculate 5 - (9 - (5 - 0)).
1
(-2 - 0) + 